inder when 528 is divided by 10.
8
What is the remainder when 1918 is divided by 76?
18
What is the remainder when 326 is divided by 33?
29
Calculate the remainder when 1690 is divided by 58.
8
Calculate the remainder when 793 is divided by 87.
10
What is the remainder when 228 is divided by 48?
36
What is the remainder when 7136 is divided by 30?
26
What is the remainder when 215 is divided by 27?
26
What is the remainder when 470 is divided by 237?
233
What is the remainder when 1055 is divided by 33?
32
What is the remainder when 362 is divided by 23?
17
Calculate the remainder when 1938 is divided by 26.
14
What is the remainder when 4269 is divided by 68?
53
Calculate the remainder when 242 is divided by 46.
12
What is the remainder when 342 is divided by 47?
13
Calculate the remainder when 34 is divided by 17.
0
Calculate the remainder when 263 is divided by 123.
17
Calculate the remainder when 48 is divided by 7.
6
What is the remainder when 1529 is divided by 154?
143
What is the remainder when 64 is divided by 8?
0
Calculate the remainder when 2709 is divided by 1334.
41
What is the remainder when 576 is divided by 33?
15
Calculate the remainder when 4177 is divided by 1385.
22
Calculate the remainder when 61 is divided by 16.
13
What is the remainder when 104 is divided by 12?
8
Calculate the remainder when 1671 is divided by 62.
59
Calculate the remainder when 758 is divided by 248.
14
What is the remainder when 174 is divided by 16?
14
What is the remainder when 186 is divided by 184?
2
What is the remainder when 582 is divided by 11?
10
What is the remainder when 360 is divided by 52?
48
What is the remainder when 228 is divided by 26?
20
Calculate the remainder when 834 is divided by 143.
119
Calculate the remainder when 156 is divided by 23.
18
What is the remainder when 8187 is divided by 30?
27
Calculate the remainder when 194 is divided by 14.
12
Calculate the remainder when 193 is divided by 46.
9
What is the remainder when 32 is divided by 8?
0
What is the remainder when 157 is divided by 10?
7
Calculate the remainder when 249 is divided by 11.
7
Calculate the remainder when 299 is divided by 19.
14
Calculate the remainder when 369 is divided by 218.
151
Calculate the remainder when 415 is divided by 5.
0
What is the remainder when 116 is divided by 63?
53
What is the remainder when 537 is divided by 49?
47
Calculate the remainder when 25 is divided by 11.
3
Calculate the remainder when 590 is divided by 22.
18
Calculate the remainder when 565 is divided by 15.
10
Calculate the remainder when 6986 is divided by 3476.
34
What is the remainder when 231 is divided by 37?
9
Calculate the remainder when 172 is divided by 72.
28
Calculate the remainder when 755 is divided by 27.
26
What is the remainder when 1800 is divided by 164?
160
Calculate the remainder when 142 is divided by 64.
14
Calculate the remainder when 880 is divided by 17.
13
What is the remainder when 2901 is divided by 66?
63
Calculate the remainder when 1769 is divided by 267.
167
Calculate the remainder when 435 is divided by 44.
39
What is the remainder when 83 is divided by 24?
11
Calculate the remainder when 1108 is divided by 1088.
20
What is the remainder when 298 is divided by 117?
64
Calculate the remainder when 2349 is divided by 147.
144
What is the remainder when 76 is divided by 64?
12
What is the remainder when 953 is divided by 138?
125
Calculate the remainder when 2634 is divided by 85.
84
Calculate the remainder when 66 is divided by 45.
21
What is the remainder when 62 is divided by 34?
28
Calculate the remainder when 396 is divided by 81.
72
What is the remainder when 53 is divided by 7?
4
What is the remainder when 133 is divided by 23?
18
Calculate the remainder when 129 is divided by 27.
21
Calculate the remainder when 97 is divided by 15.
7
What is the remainder when 444 is divided by 119?
87
Calculate the remainder when 197 is divided by 150.
47
Calculate the remainder when 1346 is divided by 31.
13
What is the remainder when 100 is divided by 29?
13
What is the remainder when 2003 is divided by 19?
8
Calculate the remainder when 595 is divided by 120.
115
What is the remainder when 196 is divided by 56?
28
What is the remainder when 3464 is divided by 15?
14
Calculate the remainder when 75 is divided by 22.
9
What is the remainder when 15117 is divided by 70?
67
What is the remainder when 592 is divided by 461?
131
What is the remainder when 350 is divided by 8?
6
Calculate the remainder when 13106 is divided by 29.
27
Calculate the remainder when 1676 is divided by 28.
24
Calculate the remainder when 2244 is divided by 21.
18
What is the remainder when 2345 is divided by 34?
33
What is the remainder when 74 is divided by 33?
8
Calculate the remainder when 186 is divided by 57.
15
What is the remainder when 929 is divided by 30?
29
Calculate the remainder when 91 is divided by 14.
7
What is the remainder when 466 is divided by 93?
1
What is the remainder when 104 is divided by 25?
4
Calculate the remainder when 5 is divided by 2.
1
What is the remainder when 417 is divided by 42?
39
What is the remainder when 203 is divided by 23?
19
What is the remainder when 74 is divided by 14?
4
What is the remainder when 100 is divided by 28?
16
Calculate the remainder when 4199 is divided by 70.
69
What is the remainder when 165 is divided by 8?
5
Calculate the remainder when 117 is divided by 12.
9
What is the remainder when 273 is divided by 19?
7
What is the remainder when 862 is divided by 37?
11
What is the remainder when 1216 is divided by 175?
166
What is the remainder when 661 is divided by 349?
312
Calculate the remainder when 141 is divided by 63.
15
Calculate the remainder when 993 is divided by 100.
93
Calculate the remainder when 19 is divided by 15.
4
What is the remainder when 1098 is divided by 332?
102
What is the remainder when 7727 is divided by 12?
11
Calculate the remainder when 1249 is divided by 84.
73
What is the remainder when 852 is divided by 33?
27
What is the remainder when 1129 is divided by 265?
69
What is the remainder when 13780 is divided by 11?
8
Calculate the remainder when 3005 is divided by 1502.
1
Calculate the remainder when 1595 is divided by 76.
75
Calculate the remainder when 47 is divided by 17.
13
Calculate the remainder when 437 is divided by 22.
19
What is the remainder when 151 is divided by 16?
7
Calculate the remainder when 1229 is divided by 21.
11
What is the remainder when 833 is divided by 32?
1
What is the remainder when 4139 is divided by 180?
179
Calculate the remainder when 29 is divided by 24.
5
What is the remainder when 1171 is divided by 132?
115
What is the remainder when 792 is divided by 396?
0
What is the remainder when 180 is divided by 23?
19
Calculate the remainder when 308 is divided by 13.
9
What is the remainder when 1322 is divided by 25?
22
Calculate the remainder when 409 is divided by 29.
3
What is the remainder when 91 is divided by 26?
13
What is the remainder when 3290 is divided by 299?
1
Calculate the remainder when 410 is divided by 16.
10
Calculate the remainder when 142 is divided by 11.
10
Calculate the remainder when 10525 is divided by 14.
11
What is the remainder when 107 is divided by 48?
11
What is the remainder when 1582 is divided by 54?
16
Calculate the remainder when 1280 is divided by 423.
11
What is the remainder when 67 is divided by 5?
2
Calculate the remainder when 362 is divided by 56.
26
What is the remainder when 50 is divided by 14?
8
What is the remainder when 342 is divided by 123?
96
What is the remainder when 520 is divided by 189?
142
What is the remainder when 706 is divided by 61?
35
Calculate the remainder when 93 is divided by 17.
8
Calculate the remainder when 407 is divided by 203.
1
Calculate the remainder when 11322 is divided by 19.
17
What is the remainder when 14 is divided by 5?
4
Calculate the remainder when 367 is divided by 74.
71
Calculate the remainder when 490 is divided by 241.
8
Calculate the remainder when 31 is divided by 28.
3
What is the remainder when 155 is divided by 82?
73
Calculate the remainder when 90 is divided by 46.
44
Calculate the remainder when 95 is divided by 20.
15
What is the remainder when 256 is